42 (base 8) in base 14?
-26
What is -37 (base 13) in base 10?
-46
What is 116 (base 8) in base 11?
71
120 (base 3) to base 14
11
What is -4 (base 14) in base 5?
-4
-12000 (base 3) to base 14
-99
What is -100 (base 7) in base 13?
-3a
What is -57 (base 10) in base 12?
-49
Convert -1030 (base 4) to base 5.
-301
124 (base 6) to base 16
34
-2 (base 8) to base 16
-2
Convert -1 (base 6) to base 8.
-1
What is -6 (base 9) in base 5?
-11
Convert 1032 (base 4) to base 9.
86
Convert 2 (base 13) to base 9.
2
Convert 2032 (base 5) to base 14.
151
What is 18 (base 13) in base 9?
23
3 (base 13) to base 10
3
Convert 23 (base 5) to base 6.
21
Convert 210 (base 8) to base 2.
10001000
27 (base 14) to base 10
35
Convert -28 (base 16) to base 4.
-220
-1 (base 2) to base 8
-1
Convert 3 (base 16) to base 10.
3
Convert -33 (base 10) to base 8.
-41
What is 0 (base 4) in base 3?
0
4 (base 9) to base 13
4
Convert 158 (base 10) to base 15.
a8
Convert 10 (base 4) to base 12.
4
2 (base 9) to base 12
2
Convert 0 (base 7) to base 16.
0
What is -2020 (base 3) in base 10?
-60
Convert -4 (base 6) to base 8.
-4
-123 (base 4) to base 11
-25
Convert 25 (base 15) to base 12.
2b
Convert 45 (base 7) to base 8.
41
Convert -101 (base 3) to base 9.
-11
Convert -30 (base 13) to base 11.
-36
-2 (base 14) to base 12
-2
Convert 43 (base 6) to base 13.
21
What is 17 (base 10) in base 2?
10001
30 (base 4) to base 6
20
Convert -35 (base 11) to base 10.
-38
What is -32 (base 13) in base 14?
-2d
What is 20 (base 4) in base 13?
8
-2 (base 15) to base 11
-2
e (base 15) to base 12
12
21 (base 7) to base 8
17
What is -50 (base 12) in base 2?
-111100
Convert 3 (base 10) to base 13.
3
Convert -9 (base 15) to base 10.
-9
Convert 13 (base 15) to base 2.
10010
Convert 4 (base 9) to base 3.
11
Convert -b (base 14) to base 4.
-23
Convert -4 (base 13) to base 16.
-4
22 (base 3) to base 13
8
What is -123 (base 6) in base 9?
-56
What is 16 (base 11) in base 16?
11
What is -63 (base 8) in base 5?
-201
Convert -9 (base 15) to base 13.
-9
-25 (base 8) to base 12
-19
What is 4 (base 16) in base 15?
4
What is 0 (base 11) in base 2?
0
What is 29 (base 10) in base 2?
11101
16 (base 14) to base 11
19
Convert -27 (base 13) to base 7.
-45
What is -24 (base 11) in base 14?
-1c
Convert 1 (base 7) to base 15.
1
-222 (base 3) to base 14
-1c
Convert 11 (base 11) to base 13.
c
What is -2 (base 7) in base 3?
-2
What is 2 (base 16) in base 3?
2
Convert -4 (base 15) to base 16.
-4
Convert 12221 (base 3) to base 8.
240
What is -3 (base 5) in base 13?
-3
4 (base 15) to base 9
4
70 (base 15) to base 10
105
23 (base 5) to base 12
11
-12 (base 5) to base 13
-7
Convert -2 (base 9) to base 2.
-10
111110 (base 2) to base 14
46
What is c (base 14) in base 11?
11
What is 67 (base 10) in base 9?
74
-31 (base 8) to base 7
-34
What is -8 (base 11) in base 3?
-22
-30 (base 7) to base 5
-41
44 (base 5) to base 8
30
What is 14 (base 6) in base 8?
12
What is 0 (base 5) in base 3?
0
Convert 3 (base 9) to base 6.
3
What is 15 (base 10) in base 2?
1111
Convert 1201 (base 3) to base 2.
101110
101001 (base 2) to base 6
105
Convert 323 (base 7) to base 10.
164
Convert -1 (base 7) to base 10.
-1
Convert 49 (base 15) to base 13.
54
What is 1 (base 14) in base 5?
1
What is -221 (base 7) in base 14?
-81
What is -3 (base 10) in base 3?
-10
What is 3 (base 8) in base 9?
3
Convert -101 (base 2) to base 5.
-10
What is 122 (base 3) in base 15?
12
Convert -7 (base 15) to base 8.
-7
Convert -11 (base 15) to base 4.
-100
Convert -3 (base 13) to base 8.
-3
Convert 2 (base 15) to base 7.
2
What is 3 (base 14) in base 15?
3
Convert 2 (base 6) to base 10.
2
Convert 5 (base 15) to base 11.
5
150 (base 6) to base 12
56
1 (base 10) to base 7
1
57 (base 13) to base 7
132
What is -44 (base 9) in base 15?
-2a
0 (base 12) to base 13
0
a (base 14) to base 12
a
What is 2010 (base 3) in base 2?
111001
What is -5 (base 8) in base 14?
-5
What is 2 (base 10) in base 5?
2
What is -22 (base 5) in base 7?
-15
What is 0 (base 11) in base 6?
0
Convert 19 (base 16) to base 14.
1b
-62 (base 16) to base 15
-68
22 (base 7) to base 14
12
What is -19 (base 12) in base 3?
-210
64 (base 11) to base 7
130
Convert -1 (base 7) to base 6.
-1
What is -14 (base 8) in base 2?
-1100
12 (base 14) to base 16
10
Convert 2 (base 4) to base 9.
2
-1 (base 6) to base 10
-1
-15 (base 8) to base 4
-31
What is -2 (base 10) in base 6?
-2
68 (base 13) to base 3
10012
Convert -14 (base 8) to base 16.
-c
Convert 8 (base 10) to base 13.
8
What is 2 (base 5) in base 3?
2
What is 1002 (base 4) in base 8?
102
What is -5 (base 15) in base 9?
-5
What is -260 (base 8) in base 6?
-452
What is -9 (base 13) in base 6?
-13
What is -4 (base 11) in base 3?
-11
-5 (base 9) to base 12
-5
-1141 (base 7) to base 2
-110100101
Convert 24 (base 9) to base 5.
42
0 (base 15) to base 4
0
What is -14 (base 8) in base 11?
-11
What is -a4 (base 16) in base 9?
-202
Convert 30 (base 4) to base 14.
c
-11 (base 2) to base 7
-3
4 (base 13) to base 3
11
Convert 122 (base 3) to base 9.
18
Convert 47 (base 13) to base 12.
4b
-10 (base 2) to base 5
-2
-11 (base 2) to base 11
-3
Convert 5 (base 12) to base 2.
101
What is -25 (base 9) in base 5?
-43
Convert 7 (base 12) to base 4.
13
-39 (base 10) to base 11
-36
What is -24 (base 11) in base 12?
-22
21 (base 4) to base 6
13
Convert -135 (base 15) to base 14.
-159
What is c (base 13) in base 7?
15
What is 1 (base 3) in base 2?
1
-100 (base 2) to base 14
-4
51 (base 16) to base 12
69
What is 122 (base 6) in base 2?
110010
Convert -5 (base 15) to base 2.
-101
What is 15 (base 8) in base 11?
12
3 (base 10) to base 14
3
Convert 1 (base 7) to base 14.
1
Convert 21 (base 8) to base 14.
13
100101 (base 2) to base 8
45
Convert -220 (base 6) to base 15.
-59
What is c3 (base 15) in base 8?
267
-85 (base 9) to base 15
-52
Convert 2 (base 3) to base 12.
2
1 (base 10) to base 14
1
Convert -14 (base 9) to base 10.
-13
What is -460 (base 7) in base 5?
-1423
What is 2 (base 7) in base 15?
2
Convert -2 (base 11) to base 4.
-2
What is -176 (base 11) in base 12?
-150
-4 (base 7) to base 14
-4
What is a0 (base 14) in base 12?
b8
Convert 3 (base 15) to base 11.
3
What is -5 (base 11) in base 8?
-5
What is 221 (base 3) in base 6?
41
What is ca (base 15) in base 2?
10111110
-12011 (base 3) to base 16
-8b
Convert 37 (base 12) to base 13.
34
Convert -6 (base 14) to base 6.
-10
Convert -2 (base 10) to base 15.
-2
47 (base 15) to base 14
4b
-15 (base 6) to base 11
-10
Convert -4 (base 14) to base 2.
-100
What is 27 (base 10) in base 3?
1000
-6 (base 8) to base 15
-6
Convert -3 (base 15) to base 4.
-3
b (base 12) to base 3
102
What is -23 (base 16) in base 15?
-25
What is -24 (base 5) in base 14?
-10
Convert -88 (base 9) to base 14.
-5a
-3 (base 12) to base 3
-10
What is -12 (base 5) in base 4?
-13
What is -3 (base 16) in base 13?
-3
What is a (base 11) in base 14?
a
Convert -161 (base 10) to base 9.
-188
-8 (base 15) to base 10
-8
0 (base 2) to base 3
0
Convert -2 (base 3) to base 10.
-2
What is 11000 (base 2) in base 5?
44
Convert -3 (base 13) to base 9.
-3
9 (base 13) to base 9
10
What is 39 (base 10) in base 12?
33
1000001 (base 2) to base 9
72
Convert -3 (base 8) to base 12.
-3
Convert -1c (base 13) to base 10.
-25
What is -12 (base 13) in base 7?
-21
Convert c (base 14) to base 5.
22
-3 (base 6) to base 16
-3
What is 44 (base 8) in base 14?
28
Convert 15 (base 7) to base 11.
11
Convert c7 (base 15) to base 2.
10111011
11011 (base 2) to base 9
30
0 (base 3) to base 6
0
What is -6 (base 12) in base 6?
-10
What is 1a (base 13) in base 8?
27
What is 11 (base 7) in base 8?
10
Convert 92 (base 14) to base 9.
152
What is -1 (base 7) in base 3?
-1
Convert -1 (base 6) to base 3.
-1
What is 5 (base 12) in base 16?
5
Convert -10 (base 3) to base 2.
-11
-12100 (base 3) to base 10
-144
What is 6 (base 10) in base 6?
10
What is -51 (base 11) in base 4?
-320
What is -12 (base 13) in base 16?
-f
Convert 3 (base 5) to base 15.
3
Convert 6 (base 16) to base 6.
10
-4 (base 13) to base 15
-4
What is 1 (base 8) in base 3?
1
Convert -114 (base 6) to base 15.
-31
Convert 24 (base 5) to base 3.
112
What is 29a (base 12) in base 3?
120001
1 (base 12) to base 15
1
380 (base 9) to base 8
473
What is -101 (base 3) in base 7?
-13
Convert 20 (base 